r(-17). List the prime factors of g(a).
199
Let c(a) = 68*a + 49. Let n(l) = -67*l - 50. Let d(k) = 6*c(k) + 7*n(k). List the prime factors of d(-10).
2, 277
Suppose 4*h - 35 = -11, -4*g + 5262 = -5*h. List the prime factors of g.
3, 7
Let v(i) = -i**2 - 15*i + 20. Let l be v(-16). List the prime factors of l - (-914 - (-4 - 3)).
911
Let c = 308 - 314. What are the prime factors of (2259/c + 0)*(-6)/3?
3, 251
Suppose -2*c - 6*m + 412 = -2*m, -2*c = 5*m - 416. Suppose -5*u = -q - 1540, -q = -u + 106 + c. List the prime factors of u.
3, 103
Let d = -344 + 432. List the prime factors of 757 - (6 - d/8).
2, 3, 127
Let i(h) = 1102*h**2 + 29*h + 138. List the prime factors of i(-5).
3, 9181
Let g(l) = -16*l - 38. Suppose -2*w + 5*a - 22 = 0, -2*w - 7 = -2*a + 3. Let x be -12*(35/15 + w). List the prime factors of g(x).
2, 109
Let p = -26 + 28. Let i be (-150)/p + 0/(-2). Let r = i - -150. List the prime factors of r.
3, 5
Let o(t) be the first derivative of t**4/4 + 13*t**3/3 - 23*t**2/2 - 31*t + 118. What are the prime factors of o(-14)?
5, 19
Let s(y) = y**3 - y**2 - y + 12. Let u(n) = n**3 - 8*n**2 - 8*n - 6. Let k be u(9). Let m(o) = -3*o + 9. Let x be m(k). List the prime factors of s(x).
2, 3
Let a be (-3474)/(-42) - (-2)/7. Suppose 2*t - 114 = 4*m, 3*t - 16 = -7*m + 8*m. Let j = a + m. What are the prime factors of j?
2, 13
Suppose -62*q - 139973 = -81*q. What are the prime factors of q?
53, 139
Suppose -84*m + 88*m = 308. Suppose -4*x + 0*x + 4*f = -84, -4*x - 3*f + m = 0. Suppose -3*q + 4*q + 3*l = 157, -5*l + x = 0. List the prime factors of q.
5, 29
What are the prime factors of 18/2 + (15854384/(-26))/(-14)?
5, 8713
Let g(q) be the first derivative of -19*q**2 + 27*q + 2. What are the prime factors of g(-9)?
3, 41
Suppose 5*l = -5*a + 120 - 5, -l + 73 = 3*a. Suppose 4366 + 20634 = a*t. List the prime factors of t.
2, 5
Let u(o) = 3630*o**2 - 244*o - 244. What are the prime factors of u(-1)?
2, 3, 5, 11
Let q = 6821 + -1173. List the prime factors of q.
2, 353
Let x = -50541 + 79097. What are the prime factors of x?
2, 11, 59
Let p(g) = 372*g - 28. Let x be p(2). Let r = -508 + x. What are the prime factors of r?
2, 13
Let i = -243 - -245. Suppose -i*h + 541 = h - 5*u, -2*h - 3*u = -348. What are the prime factors of h?
3, 59
Let x = -137 + 140. Let p(w) = 35*w**2 + 6. What are the prime factors of p(x)?
3, 107
Let v(x) be the second derivative of -x**5/20 - 4*x**4/3 + 25*x**3/6 - 79*x**2/2 + 57*x. List the prime factors of v(-20).
1021
Let y = -73 - -294. Let t(c) = -6*c + 63. Let s be t(10). Suppose -4*o + 3*l + 97 = -3*o, s*l = -2*o + y. List the prime factors of o.
2, 53
What are the prime factors of ((-109)/109)/(1 - 0) - (2 + -2678)?
5, 107
Suppose -3*g - 5*r + 23 + 10 = 0, 0 = -2*r + 6. Let i(s) = 5*s**2 - 5*s - 4. List the prime factors of i(g).
2, 73
List the prime factors of 1/((-2)/(-9))*(-3204)/(-54).
3, 89
What are the prime factors of 166208/(-96)*(1 - 58/4)?
3, 7, 53
Suppose 0*t + 5*t + a - 151 = 0, a - 1 = 0. Let v = t + -39. Let w = v - -55. List the prime factors of w.
2, 23
Suppose -2*u = w - u - 5, -18 = -3*w - 4*u. Suppose 2*r = -2*g + 720, -w*r - 1376 = -4*g + 34. List the prime factors of g.
5, 71
Let d be 64/4*7/28. Suppose -d*m = 2*q - 2*m - 1122, q - m = 569. What are the prime factors of q?
5, 113
Let o(p) = 34*p**3 + 2*p**2 - 64*p + 16. What are the prime factors of o(7)?
2, 3, 59
Let k be (2 - (-40)/25)*(31 + 4). Let x = k + 185. What are the prime factors of x?
311
Suppose r - 71 = -2*m, 4*m + 3*r - 146 - 1 = 0. Suppose -2*p - 3*z = -m, -2*p + 22 + 36 = -2*z. What are the prime factors of p?
2, 3
Suppose -15*u + 597 = -4188. Suppose 304*b = u*b - 11730. List the prime factors of b.
2, 17, 23
Let f = 78528 + -10330. What are the prime factors of f?
2, 13, 43, 61
Let t(n) = 15*n**3 - 23*n**2 - 10*n + 39. Let r = -67 - -80. Let z(q) = 7*q**3 - 11*q**2 - 5*q + 19. Let i(p) = r*z(p) - 6*t(p). List the prime factors of i(6).
19
Suppose -5*x - 3 = -13. Suppose n = x*n + 6. List the prime factors of (-410)/n + (-6)/(-9).
3, 23
Let c = 9662 - -6803. List the prime factors of c.
5, 37, 89
Suppose 80*j - 185 = 75*j. What are the prime factors of 1097 + (j - 31 - (3 - -1))?
7, 157
Suppose 88*u = 9*u + 622520. What are the prime factors of u?
2, 5, 197
Let a = -11101 - -27247. List the prime factors of a.
2, 3, 13, 23
Suppose 3696 - 16202 = -3*p + 11749. What are the prime factors of p?
3, 5, 7, 11
Let q = 1053 - 1485. Let y(v) = 74*v - 42. Let n be y(-8). Let c = q - n. What are the prime factors of c?
2, 101
Let p = 264 - 274. List the prime factors of (-349)/((-55)/p + -6).
2, 349
Let a be 5/((-1 + 2)/547). Suppose 0 = 14*h - a - 905. List the prime factors of h.
2, 5, 13
Let z(l) = -l**3 + 11*l**2 - l - 17. Let n be z(7). Let m = 443 - n. List the prime factors of (-6)/(-4) - m*(-5)/10.
137
Let c(r) = 3*r**3 - 235*r**2 - 155*r - 121. List the prime factors of c(79).
2, 29
Let y be (-110)/130 - 4/26. Let x(w) = -357*w + 13. What are the prime factors of x(y)?
2, 5, 37
Suppose p = -0 + 2. Suppose -4*r - 4*t + 128 = 0, 2*r - 6*t - 56 = -10*t. Let y = r + p. List the prime factors of y.
2, 19
Let m(n) = -53*n**3 + 5*n - 5*n + 55*n**3 - 2*n - 5*n**2 - 16. What are the prime factors of m(5)?
3, 11
Let a(q) = 40*q**2 + 8*q - 3. Let f be a(-5). Suppose 4*u + 2*o + 129 = f, -o = 4*u - 830. List the prime factors of u.
2, 13
Suppose -24*f - 55*f = 23*f - 653616. List the prime factors of f.
2, 3, 89
Suppose -21*c + 105 = -0. Suppose -y + c*f + 787 = 0, 0*y + 4*y - 3*f = 3114. What are the prime factors of y?
3, 7, 37
Let v = 84 + -64. Suppose v*f - 11*f = 12141. What are the prime factors of f?
19, 71
Suppose 4*l + 5 = -23. Let j(m) = -1. Let n(r) = -r**2 + 2*r - 9. Let a(p) = -2*j(p) - n(p). List the prime factors of a(l).
2, 37
Suppose 2*w = 5*w. Suppose -4*h - 3*b + 469 = w, -37 = -h - 3*b + 69. Suppose 21 = -2*p + h. List the prime factors of p.
2, 5
Suppose 0 = -3*h - r + 162850, -78*h - 3*r = -82*h + 217155. List the prime factors of h.
3, 5, 7, 11, 47
Let a be 6 + (-9*5)/5. What are the prime factors of 64 - (-15)/(15/a)?
61
Suppose -55*i + 47*i + 345223 = x, -7 = -x. List the prime factors of i.
2, 3, 29, 31
Suppose -5*h + 3*b = -23, -3 = -4*h + 3*h + b. List the prime factors of 48/h*(-588)/(-24).
2, 3, 7
Suppose 0 = -l + 16 + 14. Let j = 102 + l. What are the prime factors of j?
2, 3, 11
Let p be (-17578)/(-51) + 4/3. Let k = -115 + p. List the prime factors of k.
3, 7, 11
Let g(f) = -25*f**3 + 13*f**2 + 7*f + 58. What are the prime factors of g(-7)?
9221
Suppose -8*n + 3138 = -4*n - g, -5*g = n - 795. Let q = n - 651. List the prime factors of q.
2, 67
Suppose 3*d - 1577 = -5*w, -2*w = d - 0*d - 630. Let s = w - -133. What are the prime factors of s?
2, 223
Let l(v) = -74*v - 797. What are the prime factors of l(-11)?
17
Let p(j) be the first derivative of -3*j**2/2 + 91*j - 23. What are the prime factors of p(25)?
2
Let g = -44 - -85. Suppose -6*q - g + 899 = 0. What are the prime factors of q?
11, 13
Let y = 51 + -22. Suppose -2*v - y = -5*k + 2*v, 4*k = 3*v + 23. List the prime factors of (24 + (5 - k))/((-3)/(-2)).
2
Let h(d) = -146*d + 111. Suppose 4*b + s + 16 = 3*s, 2*b = 4*s - 2. What are the prime factors of h(b)?
29
Let k(b) = -24 - b + 9*b - 7*b. Let w be k(18). List the prime factors of (116/w)/(10/(-15)).
29
Suppose 4*n = -4*v + 27208, -10*n = -12*n - 8. What are the prime factors of v?
2, 41, 83
Let m(g) = -g - 7. Let c be m(-9). Suppose -c*o = o - 30. Suppose 2*f = -o*f + 552. List the prime factors of f.
2, 23
Let p = 47 + -52. Let v be (14/(-15) - 3/p)*-15. Let z(q) = q**3 - 2*q**2 + q + 4. What are the prime factors of z(v)?
2, 3, 7
Let w(q) = -16*q - 3. Suppose 10*r = -7 - 3. What are the prime factors of w(r)?
13
Let x be (-2)/(-6)*-7*(-288)/8. Suppose -7*j + 9*j - x = 0. Let w = 132 + j. What are the prime factors of w?
2, 3, 29
Suppose -3*n + 0 + 12 = 0. Let t be 0 + (n - 376/1). What are the prime factors of (-2)/(-2 - t/188)?
2, 47
List the prime factors of 3766686/114 - ((-160)/95)/(-16).
19, 37, 47
Suppose 2*h - 46664 = -2*z, 0*z - 5*z = -5*h - 116700. What are the prime factors of z?
2, 2917
Suppose 3*v - 68045 - 23867 = 5*l, l = -3*v + 91900. What are the prime factors of v?
2, 17, 53